{"id":289,"date":"2022-05-01T12:51:46","date_gmt":"2022-05-01T12:51:46","guid":{"rendered":"https:\/\/www.blauer-kuckuck.ch\/wordpress\/?page_id=289"},"modified":"2026-01-22T15:25:48","modified_gmt":"2026-01-22T15:25:48","slug":"agenda","status":"publish","type":"page","link":"https:\/\/www.blauer-kuckuck.ch\/?page_id=289","title":{"rendered":"Agenda"},"content":{"rendered":"\t\t<div data-elementor-type=\"wp-page\" data-elementor-id=\"289\" class=\"elementor elementor-289\">\n\t\t\t\t\t\t<section class=\"elementor-section elementor-top-section elementor-element elementor-element-a74c74f elementor-section-boxed elementor-section-height-default elementor-section-height-default\" data-id=\"a74c74f\" data-element_type=\"section\" data-e-type=\"section\">\n\t\t\t\t\t\t<div class=\"elementor-container elementor-column-gap-default\">\n\t\t\t\t\t<div class=\"elementor-column elementor-col-100 elementor-top-column elementor-element elementor-element-4cdd66e\" data-id=\"4cdd66e\" data-element_type=\"column\" data-e-type=\"column\">\n\t\t\t<div class=\"elementor-widget-wrap elementor-element-populated\">\n\t\t\t\t\t\t\t<\/div>\n\t\t<\/div>\n\t\t\t\t\t<\/div>\n\t\t<\/section>\n\t\t\t\t<section class=\"elementor-section elementor-top-section elementor-element elementor-element-1d728b2 elementor-section-boxed elementor-section-height-default elementor-section-height-default\" data-id=\"1d728b2\" data-element_type=\"section\" data-e-type=\"section\">\n\t\t\t\t\t\t<div class=\"elementor-container elementor-column-gap-default\">\n\t\t\t\t\t<div class=\"elementor-column elementor-col-100 elementor-top-column elementor-element elementor-element-3809af2\" data-id=\"3809af2\" data-element_type=\"column\" data-e-type=\"column\">\n\t\t\t<div class=\"elementor-widget-wrap elementor-element-populated\">\n\t\t\t\t\t\t<div class=\"elementor-element elementor-element-9f81b01 elementor-widget elementor-widget-text-editor\" data-id=\"9f81b01\" data-element_type=\"widget\" data-e-type=\"widget\" data-widget_type=\"text-editor.default\">\n\t\t\t\t<div class=\"elementor-widget-container\">\n\t\t\t\t\t\t\t\t\t<p><strong>2026<\/strong><\/p>\t\t\t\t\t\t\t\t<\/div>\n\t\t\t\t<\/div>\n\t\t\t\t\t<\/div>\n\t\t<\/div>\n\t\t\t\t\t<\/div>\n\t\t<\/section>\n\t\t\t\t<section class=\"elementor-section elementor-top-section elementor-element elementor-element-74fd79d elementor-section-boxed elementor-section-height-default elementor-section-height-default\" data-id=\"74fd79d\" data-element_type=\"section\" data-e-type=\"section\">\n\t\t\t\t\t\t<div class=\"elementor-container elementor-column-gap-default\">\n\t\t\t\t\t<div class=\"elementor-column elementor-col-50 elementor-top-column elementor-element elementor-element-8d78ed5\" data-id=\"8d78ed5\" data-element_type=\"column\" data-e-type=\"column\">\n\t\t\t<div class=\"elementor-widget-wrap elementor-element-populated\">\n\t\t\t\t\t\t<div class=\"elementor-element elementor-element-3c434bf elementor-widget__width-initial elementor-widget elementor-widget-text-editor\" data-id=\"3c434bf\" data-element_type=\"widget\" data-e-type=\"widget\" data-widget_type=\"text-editor.default\">\n\t\t\t\t<div class=\"elementor-widget-container\">\n\t\t\t\t\t\t\t\t\t<table><tbody><tr><td width=\"151\">25. Januar<\/td><td width=\"312\">Villa Bernau, Wabern: Winterwunderwelt, 14 &#8211; 17 h, \u00f6ffentlich<\/td><\/tr><tr><td width=\"151\">26. Januar<\/td><td width=\"312\">Der Blaue Kuckuck und die Zeitreise in Zusammenarbeit mit Bibliothek\u00a0 und Archiv B\u00fcmpliz, f\u00fcr angemeldete Schulen und Klassen der Stadt Bern<\/td><\/tr><tr><td width=\"151\"><p>27. + 29. April<\/p><\/td><td width=\"312\">Der Blaue Kuckuck und die Walpurgisnacht, Tierpark Bern, f\u00fcr angemeldete Schulen und Klassen der Stadt Bern<\/td><\/tr><tr><td width=\"151\">4. Mai<\/td><td width=\"312\">Schule Kollektivunterkunft Tiefenau, f\u00fcr angemeldete Klassen<\/td><\/tr><tr><td width=\"151\">6. Mai<\/td><td width=\"312\">Der Blaue Kuckuck und die Eichh\u00f6rnchen, Elfenauhof, f\u00fcr angemeldete Klassen<\/td><\/tr><tr><td width=\"151\">1. + 3. Juni<\/td><td width=\"312\">Der Blaue Kuckuck und das Bastelparadies, offcut, Warmb\u00e4chliweg, f\u00fcr angemeldete Klassen<\/td><\/tr><tr><td width=\"151\">12. Sept.<\/td><td width=\"312\">100 Jahre Kita Murifeld-Fest<\/td><\/tr><tr><td width=\"151\">\u00a0<\/td><td width=\"312\">\u00a0<\/td><\/tr><tr><td width=\"151\">\u00a0<\/td><td width=\"312\">\u00a0<\/td><\/tr><tr><td width=\"151\">\u00a0<\/td><td width=\"312\">\u00a0<\/td><\/tr><tr><td width=\"151\">\u00a0<\/td><td width=\"312\">\u00a0<\/td><\/tr><\/tbody><\/table><p>\u00a0<\/p>\t\t\t\t\t\t\t\t<\/div>\n\t\t\t\t<\/div>\n\t\t\t\t\t<\/div>\n\t\t<\/div>\n\t\t\t\t<div class=\"elementor-column elementor-col-50 elementor-top-column elementor-element elementor-element-a7f4cbc\" data-id=\"a7f4cbc\" data-element_type=\"column\" data-e-type=\"column\">\n\t\t\t<div class=\"elementor-widget-wrap\">\n\t\t\t\t\t\t\t<\/div>\n\t\t<\/div>\n\t\t\t\t\t<\/div>\n\t\t<\/section>\n\t\t\t\t<section class=\"elementor-section elementor-top-section elementor-element elementor-element-e78da0e elementor-section-boxed elementor-section-height-default elementor-section-height-default\" data-id=\"e78da0e\" data-element_type=\"section\" data-e-type=\"section\">\n\t\t\t\t\t\t<div class=\"elementor-container elementor-column-gap-default\">\n\t\t\t\t\t<div class=\"elementor-column elementor-col-50 elementor-top-column elementor-element elementor-element-76db934\" data-id=\"76db934\" data-element_type=\"column\" data-e-type=\"column\">\n\t\t\t<div class=\"elementor-widget-wrap\">\n\t\t\t\t\t\t\t<\/div>\n\t\t<\/div>\n\t\t\t\t<div class=\"elementor-column elementor-col-50 elementor-top-column elementor-element elementor-element-a5d3adf\" data-id=\"a5d3adf\" data-element_type=\"column\" data-e-type=\"column\">\n\t\t\t<div class=\"elementor-widget-wrap\">\n\t\t\t\t\t\t\t<\/div>\n\t\t<\/div>\n\t\t\t\t\t<\/div>\n\t\t<\/section>\n\t\t\t\t<section class=\"elementor-section elementor-top-section elementor-element elementor-element-5b60205 elementor-section-boxed elementor-section-height-default elementor-section-height-default\" data-id=\"5b60205\" data-element_type=\"section\" data-e-type=\"section\">\n\t\t\t\t\t\t<div class=\"elementor-container elementor-column-gap-default\">\n\t\t\t\t\t<div class=\"elementor-column elementor-col-100 elementor-top-column elementor-element elementor-element-2ee6c60\" data-id=\"2ee6c60\" data-element_type=\"column\" data-e-type=\"column\">\n\t\t\t<div class=\"elementor-widget-wrap elementor-element-populated\">\n\t\t\t\t\t\t<div class=\"elementor-element elementor-element-eba6c87 elementor-widget elementor-widget-text-editor\" data-id=\"eba6c87\" data-element_type=\"widget\" data-e-type=\"widget\" data-widget_type=\"text-editor.default\">\n\t\t\t\t<div class=\"elementor-widget-container\">\n\t\t\t\t\t\t\t\t\t<p><b>2025<\/b><\/p>\t\t\t\t\t\t\t\t<\/div>\n\t\t\t\t<\/div>\n\t\t\t\t\t<\/div>\n\t\t<\/div>\n\t\t\t\t\t<\/div>\n\t\t<\/section>\n\t\t\t\t<section class=\"elementor-section elementor-top-section elementor-element elementor-element-a72692a elementor-section-boxed elementor-section-height-default elementor-section-height-default\" data-id=\"a72692a\" data-element_type=\"section\" data-e-type=\"section\">\n\t\t\t\t\t\t<div class=\"elementor-container elementor-column-gap-default\">\n\t\t\t\t\t<div class=\"elementor-column elementor-col-50 elementor-top-column elementor-element elementor-element-65ce9b2\" data-id=\"65ce9b2\" data-element_type=\"column\" data-e-type=\"column\">\n\t\t\t<div class=\"elementor-widget-wrap elementor-element-populated\">\n\t\t\t\t\t\t<div class=\"elementor-element elementor-element-f5f8990 elementor-widget__width-initial elementor-widget elementor-widget-text-editor\" data-id=\"f5f8990\" data-element_type=\"widget\" data-e-type=\"widget\" data-widget_type=\"text-editor.default\">\n\t\t\t\t<div class=\"elementor-widget-container\">\n\t\t\t\t\t\t\t\t\t<table><tbody><tr><td width=\"151\">25. M\u00e4rz<\/td><td width=\"312\">Zieglerspital Bern, &#171;Flieg M\u00e4rchenvogel flieg&#187;\u00a0 f\u00fcr angemeldete Schulen und KG Klassen der Schule BAZ<\/td><\/tr><tr><td width=\"151\">27. April<\/td><td width=\"312\">Parkcaf\u00e9 Elfenau, Er\u00f6ffnungsfest, &#171;Flieg M\u00e4rchenvogel flieg&#187;, \u00f6ffentlich<\/td><\/tr><tr><td width=\"151\"><p>29. + 30. April<\/p><\/td><td width=\"312\">Tierpark D\u00e4hlh\u00f6lzli, Areal Vivarium, f\u00fcr angemeldete Schul- und KG Klassen der Stadt Bern<\/td><\/tr><tr><td width=\"151\">30. April<\/td><td width=\"312\">Tierpark D\u00e4hlh\u00f6lzli, Areal Vivarium, &#171;Walpurgisnacht&#187; \u00f6ffentlich<\/td><\/tr><tr><td width=\"151\">3. Mai<\/td><td width=\"312\">Fabrikgarten Marzili, Fabrikgartenfest, &#171;Flieg M\u00e4rchenvogel flieg&#187;<\/td><\/tr><tr><td width=\"151\">20.\/21. Mai<\/td><td width=\"312\">off cut, f\u00fcr angemeldete Gruppen, Schulen und KG der Stadt Bern<\/td><\/tr><tr><td width=\"151\">21. Juni<\/td><td width=\"312\">100 Jahre Kita Altenberg, Kinderfest<\/td><\/tr><tr><td width=\"151\">24.\/25. Juni<\/td><td width=\"312\">Im Zaubergarten, f\u00fcr angemeldete Gruppen, Schulen und KG der Stadt Bern<\/td><\/tr><tr><td width=\"151\">5. Sept.<\/td><td width=\"312\">Berner Nachhaltigkeitstage, Berner Biomarkt, Bundesplatz, &#171;Flieg M\u00e4rchenvogel flieg&#187;<\/td><\/tr><tr><td width=\"151\">\u00a0<\/td><td width=\"312\">\u00a0<\/td><\/tr><tr><td width=\"151\">\u00a0<\/td><td width=\"312\">\u00a0<\/td><\/tr><\/tbody><\/table>\t\t\t\t\t\t\t\t<\/div>\n\t\t\t\t<\/div>\n\t\t\t\t<div class=\"elementor-element elementor-element-409c5e3 elementor-widget__width-initial elementor-widget elementor-widget-text-editor\" data-id=\"409c5e3\" data-element_type=\"widget\" data-e-type=\"widget\" data-widget_type=\"text-editor.default\">\n\t\t\t\t<div class=\"elementor-widget-container\">\n\t\t\t\t\t\t\t\t\t<table>\n<tbody>\n<tr>\n<td width=\"151\">\n<p><strong>2024<\/strong><\/p>\n<p>6. April<\/p>\n<\/td>\n<td width=\"312\">\n<p><br><\/p><p>Er\u00f6ffnung Parkcaf\u00e9 Elfenau ab 14h<\/p>\n<\/td>\n<\/tr>\n<tr>\n<td width=\"151\">30. April+ 1. Mai<\/td>\n<td width=\"312\">Tierpark D\u00e4hlh\u00f6lzli, Walpurgisnacht, Angebot f\u00fcr KG und Schulen der Stadt Bern<\/td>\n<\/tr>\n<tr>\n<td width=\"151\">18. Mai<\/td>\n<td width=\"312\">Fabrikgarten, Gaswerkarealfest<\/td>\n<\/tr>\n<tr>\n<td width=\"151\">18.&nbsp; \/ 19. Juni<\/td>\n<td width=\"312\">Im Zaubergarten, Angebot f\u00fcr KG und Schulen der Stadt Bern<\/td>\n<\/tr>\n<tr>\n<td width=\"151\">25. Juni + 27. Juni<\/td>\n<td width=\"312\">Pro Natura Zentrum Eichholz, Angebot f\u00fcr KG und Schulen der Stadt Bern<\/td>\n<\/tr>\n<tr>\n<td width=\"151\">7. Sept.<\/td>\n<td width=\"312\">Er\u00f6ffnungsfest Berner Nachhaltigkeitstage, Generationenhaus Innenhof<\/td>\n<\/tr>\n<tr>\n<td width=\"151\">8. Sept.<\/td>\n<td width=\"312\">Fest auf dem Kinderbauernhof Elfenau<\/td>\n<\/tr>\n<tr>\n<td width=\"151\">13. Sept.<\/td>\n<td width=\"312\">off cut Bern, work shop im Atelier\/Geschichten im Blauen Kuckuck,&nbsp; ab 14.30h jede halbe Stunde, Fr. 5.- pro Einheit ES HAT NOCH FREIE PL\u00c4TZE, BITTE ANMELDEN \u00dcBER DAS KONTAKTFORMULAR<\/td>\n<\/tr>\n<tr>\n<td width=\"151\">17. und 18. Sept.<\/td>\n<td width=\"312\">off cut Bern, Angebot f\u00fcr KG und Schulen der Stadt Bern<\/td>\n<\/tr>\n<tr>\n<td width=\"151\">28. Okt. &#8211; 30. Okt.<\/td>\n<td width=\"312\">Pro Natura Zentrum Eichholz, Angebot f\u00fcr KG und Schulen der Stadt Bern, am Vormittag<\/td>\n<\/tr>\n<tr>\n<td width=\"151\">30. Okt.<\/td>\n<td width=\"312\">Pro Natura Zentrum Eichholz, am Nachmittag \u00f6ffentlich<\/td>\n<\/tr>\n<\/tbody>\n<\/table>\t\t\t\t\t\t\t\t<\/div>\n\t\t\t\t<\/div>\n\t\t\t\t<div class=\"elementor-element elementor-element-5058414 elementor-widget__width-initial elementor-widget elementor-widget-text-editor\" data-id=\"5058414\" data-element_type=\"widget\" data-e-type=\"widget\" data-widget_type=\"text-editor.default\">\n\t\t\t\t<div class=\"elementor-widget-container\">\n\t\t\t\t\t\t\t\t\t<p><strong>2023<\/strong><\/p><table><tbody><tr><td width=\"151\"><p>25. Okt. -1. Nov.<\/p><\/td><td width=\"312\"><p>Der Blaue Kuckuck im Naturzentrum Eichholz<\/p><\/td><\/tr><tr><td width=\"151\"><p>9. September<\/p><\/td><td width=\"312\"><p>Er\u00f6ffnungsfest Nachhaltigkeitstage<\/p><\/td><\/tr><tr><td width=\"151\"><p>9. Mai +30. Mai<\/p><\/td><td width=\"312\"><p>Der Blaue Kuckuck im Offcut, Angebot f\u00fcr KG und Schulen der Stadt Bern<\/p><\/td><\/tr><tr><td width=\"151\"><p>6. Mai<\/p><\/td><td width=\"312\"><p>Quartierfest Heimstrasse, der Anlass findet nur bei sch\u00f6nem Wetter statt<\/p><\/td><\/tr><tr><td width=\"151\"><p>5. Mai<\/p><\/td><td width=\"312\"><p>Der Blaue Kuckuck im Zaubertheater, Angebot f\u00fcr KG und Schulen der Stadt Bern<\/p><\/td><\/tr><tr><td width=\"151\"><p>1 Mai + 2. Mai<\/p><\/td><td width=\"312\"><p>Tierpark D\u00e4hlh\u00f6lzli, Walpurgisnacht, Angebot f\u00fcr KG und Schulen der Stadt Bern<\/p><\/td><\/tr><tr><td width=\"151\"><p>30. April<\/p><\/td><td width=\"312\"><p>Tierpark D\u00e4hlh\u00f6lzli, Walpurgisnacht, Anmeldung \u00fcber die Zoop\u00e4dagogik, ab 18.00h<\/p><\/td><\/tr><tr><td width=\"151\"><p>29. April<\/p><\/td><td width=\"312\"><p>Quartiertreff Egelsee (Nachmittag)<\/p><\/td><\/tr><tr><td width=\"151\"><p>1. April<\/p><\/td><td width=\"312\"><p>Parkcafe Elfenau<\/p><\/td><\/tr><tr><td width=\"151\"><p>17.\/18. Januar<\/p><\/td><td width=\"312\"><p>Blauer Kuckuck und der Zaubergarten, Angebot f\u00fcr KG und Schulen der Stadt Bern<\/p><\/td><\/tr><tr><td width=\"151\"><p>14. Januar<\/p><\/td><td width=\"312\"><p>Generationenhaus Bern<\/p><\/td><\/tr><\/tbody><\/table>\t\t\t\t\t\t\t\t<\/div>\n\t\t\t\t<\/div>\n\t\t\t\t\t<\/div>\n\t\t<\/div>\n\t\t\t\t<div class=\"elementor-column elementor-col-50 elementor-top-column elementor-element elementor-element-21565c4\" data-id=\"21565c4\" data-element_type=\"column\" data-e-type=\"column\">\n\t\t\t<div class=\"elementor-widget-wrap\">\n\t\t\t\t\t\t\t<\/div>\n\t\t<\/div>\n\t\t\t\t\t<\/div>\n\t\t<\/section>\n\t\t\t\t<section class=\"elementor-section elementor-top-section elementor-element elementor-element-6c59414 elementor-section-boxed elementor-section-height-default elementor-section-height-default\" data-id=\"6c59414\" data-element_type=\"section\" data-e-type=\"section\">\n\t\t\t\t\t\t<div class=\"elementor-container elementor-column-gap-default\">\n\t\t\t\t\t<div class=\"elementor-column elementor-col-100 elementor-top-column elementor-element elementor-element-b5de99f\" data-id=\"b5de99f\" data-element_type=\"column\" data-e-type=\"column\">\n\t\t\t<div class=\"elementor-widget-wrap\">\n\t\t\t\t\t\t\t<\/div>\n\t\t<\/div>\n\t\t\t\t\t<\/div>\n\t\t<\/section>\n\t\t\t\t<section class=\"elementor-section elementor-top-section elementor-element elementor-element-3680f62 elementor-section-boxed elementor-section-height-default elementor-section-height-default\" data-id=\"3680f62\" data-element_type=\"section\" data-e-type=\"section\">\n\t\t\t\t\t\t<div class=\"elementor-container elementor-column-gap-default\">\n\t\t\t\t\t<div class=\"elementor-column elementor-col-50 elementor-top-column elementor-element elementor-element-a7525d6\" data-id=\"a7525d6\" data-element_type=\"column\" data-e-type=\"column\">\n\t\t\t<div class=\"elementor-widget-wrap elementor-element-populated\">\n\t\t\t\t\t\t<div class=\"elementor-element elementor-element-b81727e elementor-widget elementor-widget-heading\" data-id=\"b81727e\" data-element_type=\"widget\" data-e-type=\"widget\" data-widget_type=\"heading.default\">\n\t\t\t\t<div class=\"elementor-widget-container\">\n\t\t\t\t\t<h2 class=\"elementor-heading-title elementor-size-medium\">2022<\/h2>\t\t\t\t<\/div>\n\t\t\t\t<\/div>\n\t\t\t\t\t<\/div>\n\t\t<\/div>\n\t\t\t\t<div class=\"elementor-column elementor-col-50 elementor-top-column elementor-element elementor-element-a2d04b8\" data-id=\"a2d04b8\" data-element_type=\"column\" data-e-type=\"column\">\n\t\t\t<div class=\"elementor-widget-wrap\">\n\t\t\t\t\t\t\t<\/div>\n\t\t<\/div>\n\t\t\t\t\t<\/div>\n\t\t<\/section>\n\t\t\t\t<section class=\"elementor-section elementor-top-section elementor-element elementor-element-70038c6 elementor-section-boxed elementor-section-height-default elementor-section-height-default\" data-id=\"70038c6\" data-element_type=\"section\" data-e-type=\"section\">\n\t\t\t\t\t\t<div class=\"elementor-container elementor-column-gap-default\">\n\t\t\t\t\t<div class=\"elementor-column elementor-col-100 elementor-top-column elementor-element elementor-element-7d84ce9\" data-id=\"7d84ce9\" data-element_type=\"column\" data-e-type=\"column\">\n\t\t\t<div class=\"elementor-widget-wrap elementor-element-populated\">\n\t\t\t\t\t\t<div class=\"elementor-element elementor-element-b7537a1 elementor-widget__width-initial elementor-widget elementor-widget-text-editor\" data-id=\"b7537a1\" data-element_type=\"widget\" data-e-type=\"widget\" data-widget_type=\"text-editor.default\">\n\t\t\t\t<div class=\"elementor-widget-container\">\n\t\t\t\t\t\t\t\t\t<table><tbody><tr><td width=\"151\"><p>21. Dezember<\/p><\/td><td width=\"321\"><p>Museum Cerny, Wintersonnwende<\/p><\/td><\/tr><tr><td width=\"151\"><p>25. November<\/p><\/td><td width=\"321\"><p>Museum Cerny, M\u00e4rchen aus Sibirien<\/p><\/td><\/tr><tr><td width=\"151\"><p>28. Oktober<\/p><\/td><td width=\"321\"><p>Museum Cerny, M\u00e4rchen aus Sibirien<\/p><\/td><\/tr><tr><td width=\"151\"><p>19. und 26. Oktober<\/p><\/td><td width=\"321\"><p>Tierpark Bern, Areal Vivarium, Vormittag Angebot f\u00fcr KG und Schulen der Stadt Bern, 14\u00a0 bis 16h: freies Anbebot<\/p><\/td><\/tr><tr><td width=\"151\"><p>23. Oktober<\/p><\/td><td width=\"321\"><p>Bienzgutfest<\/p><\/td><\/tr><tr><td width=\"151\"><p>17. September<\/p><\/td><td width=\"321\"><p>Fabrikgarten Marzili<\/p><\/td><\/tr><tr><td width=\"151\"><p>11. \u2013 23. Sept.<\/p><\/td><td width=\"321\"><p>Berner Nachhaltigkeitstage<\/p><\/td><\/tr><tr><td width=\"151\"><p>11. September<\/p><\/td><td width=\"321\"><p>BOGA Bern<\/p><\/td><\/tr><tr><td width=\"151\"><p>3. September<\/p><\/td><td width=\"321\"><p>Berner Generationenhaus, Programm f\u00fcr die ganz Kleinen<\/p><\/td><\/tr><tr><td width=\"151\"><p>30. und 31. August<\/p><\/td><td width=\"321\"><p>Museum Cerny, Zusammenarbeit mit &#171;swiss polar class&#187;, Kulturpaket f\u00fcr Schulklassen<\/p><\/td><\/tr><tr><td width=\"151\"><p>31. August<\/p><\/td><td width=\"321\"><p>Museum Cerny, Zusammenarbeit mit &#171;swiss polar class&#187;, 14 &#8211; 16h: freies Angebot<\/p><\/td><\/tr><tr><td width=\"151\"><p>27. August<\/p><\/td><td width=\"321\"><p>Quartierfest Elfenau<\/p><\/td><\/tr><tr><td width=\"151\"><p>26. August<\/p><\/td><td width=\"321\"><p>Museum Cerny, M\u00e4rchen aus Sibirien<\/p><\/td><\/tr><tr><td width=\"151\"><p>21. Juni<\/p><\/td><td width=\"321\"><p>Museum Cerny, M\u00e4rchen aus Sibirien zur Sommersonnenwende<\/p><\/td><\/tr><tr><td width=\"151\"><p>31. Mai\/1. Juni<\/p><\/td><td width=\"321\"><p>Blauer Kuckuck und der Zaubergarten, Vorstellungen f\u00fcr Kinderg\u00e4rten und Schulen der Stadt Bern<\/p><\/td><\/tr><tr><td width=\"151\"><p>27. Mai<\/p><\/td><td width=\"321\"><p>Museum Cerny, M\u00e4rchen aus Sibirien<\/p><\/td><\/tr><tr><td width=\"151\"><p>12. und 20. Mai<\/p><\/td><td width=\"321\"><p>Blauer Kuckuck und der Stadtfuchs, Vorstellungen f\u00fcr Kinderg\u00e4rten und Schulen der Stadt Bern<\/p><\/td><\/tr><tr><td width=\"151\"><p>7. Mai<\/p><\/td><td width=\"321\"><p>Marzili, Fabrikgarten,<strong> f\u00e4llt aus! Das Fabrikgartenfest wird vom Veranstalter auf den Herbst verschoben<\/strong><\/p><\/td><\/tr><tr><td width=\"151\"><p>2. und 3. Mai<\/p><\/td><td width=\"321\"><p>Tierpark: Vorstellungen f\u00fcr Kinderg\u00e4rten und Schulen der Stadt Bern<\/p><\/td><\/tr><tr><td width=\"151\"><p>30. April<\/p><\/td><td width=\"321\"><p>Tierpark, Areal Vivarium \u00abWalpurgisnacht\u00bb<\/p><\/td><\/tr><tr><td width=\"151\"><p>29. April<\/p><\/td><td width=\"321\"><p>Museum Cerny, M\u00e4rchen aus Sibirien<\/p><\/td><\/tr><\/tbody><\/table>\t\t\t\t\t\t\t\t<\/div>\n\t\t\t\t<\/div>\n\t\t\t\t\t<\/div>\n\t\t<\/div>\n\t\t\t\t\t<\/div>\n\t\t<\/section>\n\t\t\t\t<section class=\"elementor-section elementor-top-section elementor-element elementor-element-5c048f2 elementor-section-boxed elementor-section-height-default elementor-section-height-default\" data-id=\"5c048f2\" data-element_type=\"section\" data-e-type=\"section\">\n\t\t\t\t\t\t<div class=\"elementor-container elementor-column-gap-default\">\n\t\t\t\t\t<div class=\"elementor-column elementor-col-100 elementor-top-column elementor-element elementor-element-ce24833\" data-id=\"ce24833\" data-element_type=\"column\" data-e-type=\"column\">\n\t\t\t<div class=\"elementor-widget-wrap\">\n\t\t\t\t\t\t\t<\/div>\n\t\t<\/div>\n\t\t\t\t\t<\/div>\n\t\t<\/section>\n\t\t\t\t<section class=\"elementor-section elementor-top-section elementor-element elementor-element-1f5e33d elementor-section-boxed elementor-section-height-default elementor-section-height-default\" data-id=\"1f5e33d\" data-element_type=\"section\" data-e-type=\"section\">\n\t\t\t\t\t\t<div class=\"elementor-container elementor-column-gap-default\">\n\t\t\t\t\t<div class=\"elementor-column elementor-col-100 elementor-top-column elementor-element elementor-element-7bb94b0\" data-id=\"7bb94b0\" data-element_type=\"column\" data-e-type=\"column\">\n\t\t\t<div class=\"elementor-widget-wrap elementor-element-populated\">\n\t\t\t\t\t\t<div class=\"elementor-element elementor-element-6eb6d00 elementor-widget elementor-widget-text-editor\" data-id=\"6eb6d00\" data-element_type=\"widget\" data-e-type=\"widget\" data-widget_type=\"text-editor.default\">\n\t\t\t\t<div class=\"elementor-widget-container\">\n\t\t\t\t\t\t\t\t\t<p>Lorem ipsum dolor sit amet, consectetur adipiscing elit. Ut elit tellus, luctus nec ullamcorper mattis, pulvinar dapibus leo.<\/p>\t\t\t\t\t\t\t\t<\/div>\n\t\t\t\t<\/div>\n\t\t\t\t\t<\/div>\n\t\t<\/div>\n\t\t\t\t\t<\/div>\n\t\t<\/section>\n\t\t\t\t<\/div>\n\t\t","protected":false},"excerpt":{"rendered":"<p>2026 25. Januar Villa Bernau, Wabern: Winterwunderwelt, 14 &#8211; 17 h, \u00f6ffentlich 26. Januar Der Blaue Kuckuck und die Zeitreise in Zusammenarbeit mit Bibliothek\u00a0 und Archiv B\u00fcmpliz, f\u00fcr angemeldete Schulen und Klassen der Stadt Bern 27. + 29. April Der Blaue Kuckuck und die Walpurgisnacht, Tierpark Bern, f\u00fcr angemeldete Schulen und Klassen der Stadt Bern&hellip;&nbsp;<a href=\"https:\/\/www.blauer-kuckuck.ch\/?page_id=289\" rel=\"bookmark\">Weiterlesen &raquo;<span class=\"screen-reader-text\">Agenda<\/span><\/a><\/p>\n","protected":false},"author":1,"featured_media":0,"parent":0,"menu_order":0,"comment_status":"closed","ping_status":"closed","template":"page-templates\/template-pagebuilder-full-width.php","meta":{"neve_meta_sidebar":"","neve_meta_container":"","neve_meta_enable_content_width":"","neve_meta_content_width":0,"neve_meta_title_alignment":"","neve_meta_author_avatar":"","neve_post_elements_order":"","neve_meta_disable_header":"","neve_meta_disable_footer":"","neve_meta_disable_title":"","footnotes":""},"class_list":["post-289","page","type-page","status-publish","hentry"],"_links":{"self":[{"href":"https:\/\/www.blauer-kuckuck.ch\/index.php?rest_route=\/wp\/v2\/pages\/289","targetHints":{"allow":["GET"]}}],"collection":[{"href":"https:\/\/www.blauer-kuckuck.ch\/index.php?rest_route=\/wp\/v2\/pages"}],"about":[{"href":"https:\/\/www.blauer-kuckuck.ch\/index.php?rest_route=\/wp\/v2\/types\/page"}],"author":[{"embeddable":true,"href":"https:\/\/www.blauer-kuckuck.ch\/index.php?rest_route=\/wp\/v2\/users\/1"}],"replies":[{"embeddable":true,"href":"https:\/\/www.blauer-kuckuck.ch\/index.php?rest_route=%2Fwp%2Fv2%2Fcomments&post=289"}],"version-history":[{"count":153,"href":"https:\/\/www.blauer-kuckuck.ch\/index.php?rest_route=\/wp\/v2\/pages\/289\/revisions"}],"predecessor-version":[{"id":502,"href":"https:\/\/www.blauer-kuckuck.ch\/index.php?rest_route=\/wp\/v2\/pages\/289\/revisions\/502"}],"wp:attachment":[{"href":"https:\/\/www.blauer-kuckuck.ch\/index.php?rest_route=%2Fwp%2Fv2%2Fmedia&parent=289"}],"curies":[{"name":"wp","href":"https:\/\/api.w.org\/{rel}","templated":true}]}}